 g(y) = y**2 + 79*y + 1382. Let q be g(-26). Determine m(q).
16
Let c(t) = -4*t. Let w be ((-4)/3)/(4/(-6)) + 1. Let x(n) = n**2 - 3*n - 1. Let u(v) = w*x(v) - 2*c(v). Suppose 15 = 7*f - 2*f. What is u(f)?
21
Let z = -458 - -460. Let g(b) = 7*b**2 + z - 1565*b**3 + 783*b**3 + 781*b**3 + b. Calculate g(7).
9
Let g(u) = 122 - 18*u - 129 + 17*u. Calculate g(2).
-9
Let w = -497 + 499. Suppose d - w = n, -14*n - 14 = -9*n - 4*d. Let o(k) = k**3 + 7*k**2 + 4*k - 7. Determine o(n).
5
Let j be 26*-2*2/(-8). Let d(s) = 74*s**2 - 15*s - 1070. Let v(k) = 41*k**2 - 7*k - 594. Let r(f) = -5*d(f) + 9*v(f). Calculate r(j).
-9
Let x(q) = -2*q**3 + 21*q**2 + 20*q - 15. Let b(i) = -i**3 + 18*i**2 + 14*i - 15. Let d(r) = 3*b(r) - 2*x(r). Calculate d(-12).
-39
Let i(a) = -4*a**2 + 6*a + 17. Let f be i(0). Suppose -3*n - f*z + 22*z - 58 = 0, 2 = -2*n - 4*z. Let p(d) = -d - 13. Calculate p(n).
-2
Let t(v) be the second derivative of 14*v**3/3 - 177*v**2 - 1688*v. Determine t(13).
10
Let s = 10946 + -10950. Let o(a) = -4 + 0*a**3 + 2*a**2 + 5 - 5*a + a**3. Give o(s).
-11
Let t(v) = 22*v + 19 - 47*v + 22*v. Let l be (5*160/250)/((-2)/(-5)). Determine t(l).
-5
Let h(a) be the second derivative of a**5/20 - a**4/12 - 3*a**3/2 + 11*a**2/2 + 1929*a. Give h(2).
-3
Suppose -n + 12 = 4*r - 2*n, -20 = -4*r - n. Suppose 19 + 1 = -r*s. Let x(u) = -u - 5. Calculate x(s).
0
Let r(b) = b + 2. Suppose 2*g - 3*g = 4*q - 96, -422 = -4*g + 3*q. Suppose 0 = -i + 14*i - g. Let w be 3/i*2 - (-6)/(-8). Give r(w).
2
Let g be 30/(-4)*-2*(-5)/(-15). Suppose 4*k + g*a + 7 = 0, -6*k + 5*a = -8*k + 9. Let z(f) = -9*f - f**2 + 0*f**2 + 0*f**2 - 1. Determine z(k).
7
Let o(y) be the first derivative of -19*y**4/4 - 2*y**3/3 + y - 13. Let d = -65 - -72. Suppose 0*q - d = 7*q. Give o(q).
18
Let y(k) = k**3 - 3*k**2 - 3*k - 3. Suppose 59 = 8*m - 45. Let j be (-18)/(-8) - m/(52/(-3)). Calculate y(j).
-12
Let s = 119 + -90. Let x(q) = 52 - s - 4*q - 27 + q**2 + q**3. Give x(-3).
-10
Suppose -430 + 482 = 26*q. Let x(g) = g**3 - 5*g**2 + g - 1. What is x(q)?
-11
Let t be 8/(-4) + (1 - 6/(-2)). Suppose -t*q = -23*q + 189. Let x(y) = -y + 13. Determine x(q).
4
Let p(m) be the third derivative of m**5/60 - 13*m**4/24 - 8*m**3/3 - 1739*m**2. Determine p(15).
14
Let g(i) = 5*i**2 - 3*i - 4. Let o be g(-3). Suppose 62*k = o*k - 84. Let z(l) = l**2 + 9*l + 5. Calculate z(k).
-9
Let f(d) = -3*d**2 - 38920*d**3 + 29 + 2*d + 38919*d**3 + 14*d. Determine f(-5).
-1
Let q(w) = -2*w - 7. Let i be ((-2)/(-3))/(-4*6/4716). Let l = 126 + i. Calculate q(l).
3
Let g(w) = w**3 - 11*w**2 + 11*w - 13. Let r = -2176 - -2186. Determine g(r).
-3
Let a(t) = 5*t - 1. Let p = 339 + -342. Let w be (-4 + 2 + 7)*p/(-5). Determine a(w).
14
Let i(j) = 3*j**2 - 8*j + 3. Let n(s) = 4*s**2 - 9*s + 2. Let p(h) = -5*i(h) + 4*n(h). Let l = -345 - -364. Suppose 0 = -l*x - 18 - 77. Give p(x).
-2
Suppose -20*l - 414 = 25*l + l. Let o(x) = -x**2 + 3. Determine o(l).
-78
Let s(g) be the first derivative of 0*g**2 + 10 - 16*g - 1/4*g**4 - 1/3*g**3. Determine s(0).
-16
Let n = 73 + -73. Suppose n = -3*b + 323 - 311. Let d(p) = -p**2 + 6*p - 5. Determine d(b).
3
Let p be -1 - 4/((-5)/(-8 - -3)). Let u(x) = -19*x**3 - 10*x**2 - 23*x. Let a(r) = 7*r**3 + 3*r**2 + 8*r. Let v(j) = -8*a(j) - 3*u(j). Give v(p).
0
Let s(l) = -2*l**2 - l + 1. Let f = -36 + 17. Let r = -18 - f. Give s(r).
-2
Let p(j) = 2 - 35784*j + 35787*j - 3 - 2*j**2. Calculate p(4).
-21
Let b(k) = k**2 - k + 2. Let a = 101 - 57. Suppose a*i = 46*i. Calculate b(i).
2
Let n(f) = -f + 13. Suppose -4*i + 4*g = 0, -5 = 3*i - 0*i - 4*g. Suppose 2*c = -w + 21, 0*w - 48 = -i*c - w. Suppose -2*r - c = -23. Give n(r).
6
Let a = 2205 - 2198. Let m(g) be the first derivative of 2*g**3 - 3*g**2 + 30 + a*g + 1/4*g**4. Give m(-7).
0
Let b(o) be the second derivative of o**4/6 + o**3/6 + 63*o**2/2 - 2*o + 11. Let l(a) be the first derivative of b(a). Determine l(1).
5
Let w(h) be the first derivative of h**4/4 - 23*h**3/3 + 11*h**2 + 12*h - 1351. Determine w(22).
12
Let q be (-3 + 13/((-13)/(-6)))*-1. Let r(l) be the first derivative of -l**4/4 - 4*l**3/3 - l**2/2 - 4*l - 376. Determine r(q).
-10
Let n(w) = 399 + 394 - 798 + w. Determine n(3).
-2
Let g(m) = m**2 + 6*m + 3. Suppose -17*q + 3255 = -2542. Suppose -q = 2*x - 333. Give g(x).
-5
Let b(g) = g - 1 + 0*g + 3 + 1. Suppose -37*k = 5*k + k - 43. Determine b(k).
4
Let a(l) = 553*l + 3*l**2 + 575*l - 1128*l + 5. Give a(2).
17
Let z be (4/24*-3)/((-3)/30). Let f(q) = 5*q + 13. What is f(z)?
38
Let m(o) = -55*o**2 - 13*o + 7. Let i(k) = 82*k**2 + 12*k - 8. Let s(y) = -2*i(y) - 3*m(y). Calculate s(-17).
29
Let s be 1*(-5 + (4 - (-56)/4)). Let n(j) = -20 - j**2 + j**3 - s + 39. Let t(y) = y**3 - 3*y**2 - 4*y. Let f be t(4). Give n(f).
6
Let a(i) be the third derivative of i**5/60 - i**4/24 - 4*i**3/3 - 484*i**2 + 2. Determine a(4).
4
Suppose 3*l - 4*x = 31, -2*l - 4*x + 2 = -12. Let o(j) = 9 + 8*j - 7*j + l*j - 8. Suppose -2*k - m - 4 = 3, -5*k - 2*m = 15. What is o(k)?
-9
Let g(m) = -3*m + 189. Let n(p) = 2*p - 133. Let x(c) = 5*g(c) + 7*n(c). Let v be (-2 + (-7)/2)*-2. What is x(v)?
3
Let o(s) = -s + 5. Let r(h) = -2*h + 10. Let n(m) = -7*o(m) + 3*r(m). Suppose 14 = 10*v - 16. Suppose -v*i + 33 = a + a, -2*i + 5*a = -3. Determine n(i).
4
Let z(q) = -q**2 + 17*q - 6. Suppose 0 = 7*y - 19 + 5. Suppose y*c - 32 = 2. Give z(c).
-6
Let k be ((-819)/(-351))/((-2)/(-6)). Let d(o) = 3 - o**3 + 8*o**2 - 10*o - 3 + 6. Determine d(k).
-15
Suppose 0 = 5*o - 5*k - 54 + 64, 10 = -5*o + 2*k. Let f(d) = d**3 + 4*d**2 + 5*d + 4. Calculate f(o).
2
Let i(j) = -1 - 412*j + 51*j + 0 + 250*j. What is i(0)?
-1
Let w(j) = 4*j**2 + 41*j - 38. Let k be w(-21). Let y(n) = -k*n + n**2 - 1 + 1715*n - 853*n. What is y(8)?
39
Let h = -1853 + 1851. Let x(b) = -7*b - 16. Determine x(h).
-2
Suppose 622*o - 618*o + 4*c + 48 = 0, 2*o = 2*c - 12. Let v(j) = j**3 + 11*j**2 + 16*j - 8. Give v(o).
10
Suppose -19*i = -12*i + 7. Let u(b) = -4*b**3 - 3*b**2 - b + 1. Let t be u(i). Let l(k) = 4*k - 4. Give l(t).
8
Let o(j) = 4*j + 10. Let v = 5616 + -5622. Determine o(v).
-14
Let l(q) = q**2 + 18*q + 61. Let s be l(-6). Let v(i) = i**2 + 5*i - 4. What is v(s)?
62
Let n(f) = 9*f**2 + 16*f - 19. Let b(k) = -11*k**2 - 20*k + 19. Let d(q) = -4*b(q) - 5*n(q). Calculate d(-4).
3
Let r(k) = 14*k - 94. Let x be r(7). Let h(v) = 2*v - 2 + x*v - 2*v - 3*v. What is h(5)?
3
Suppose 4*n - 34 = -3*p, -2 = -4*p + 3*p. Let s(b) be the second derivative of -b**3/6 + 11*b**2/2 + 21*b. What is s(n)?
4
Let h(v) = -208*v + 2073. Let c be h(10). Let p = 2 + 2. Let b(j) = -j + 1 - p + 1. Calculate b(c).
5
Let t = 39 + -89. Let m be ((-80)/t)/(4/(-10)). Let r(h) be the second derivative of h**5/20 + h**4/3 - h**3/3 - 2*h**2 + 66*h. Give r(m).
4
Let z(p) be the second derivative of -p**3/3 + 6*p**2 - 2176*p + 1. Give z(4).
4
Suppose 0 = 57*v - 60*v - 46 - 20. Let m(n) = n**2 + 22*n - 12. Determine m(v).
-12
Let k be 11 - 5 - (-7 + 107). Let w be (2/3)/1*423/k. Let o(n) be the second derivative of -n**5/20 - n**4/12 + n**3/3 + 3*n**2/2 - n. Determine o(w).
15
Suppose 3*n - 7 + 1 = -3*v, 4*n - 8 = 2*v. Let d(t) be the first derivative of -t**4/4 - t**3/3 + t**2 - 3*t + 2. Calculate d(n).
-11
Let s(h) = -h**2 + 2*h + 2. Suppose 42 = 10*k - 4*k. Let c(j) = 3*j**2 - 4*j - 5. Let u(v) = k*s(v) + 2*c(v). Suppose 5*w = 15 + 15. What is u(w)?
4
Let q = 5220 + -5207. Let o(i) = -8*i + 97. Calculate o(q).
-7
Let c(p) = p**2 + 10*p - 25. Let o = -873 - -438. Let l = 423 + o. Calculate c(l).
-1
Let k(b) be the first derivative of b**6/120 + b**5/30 - b**4/12 + b**3/2 + 10*b**2 + 59. Let c(y) be the second derivative of k(y). Give c(-4).
-21
Let l = 37 + -34. Let x(o) = o + 9. Let f be x(l). Suppose -11 = -h - f. Let a(v) = -19*v - 1. Calculate a(h).
18
Let h(f) = f**2 - 2*f - 1. Let g(a) = a**3 + 4*a**2 - a + 11. Let v be g(-5). Let u be (32 + 1)/(12 + v). Suppose d + y - 6 = 4*y, 4*d + y = u. Calculate h(d).
2
Let t(d) = d**3 + 11*d**2 - 45*d - 538. Let r be t(-10). Let o(q) = q**2 - 12*q + 20. What is o(r)?
20
Let c(o) = -1 - 14*o + 4*o**2 + o**3 + 2*o + 8*o - 11*o + 0*o**2. Determine c(-6).
17
Suppose -3*z = -0*z + 2*z. Let v(r) = -r**2 + z*r - 2*r**2 + 14*r. Let h be v(5). Let a(f) = 2*f**2 + 6*f + 2. Determine a(h).
22
Let